(k) = -145112*k**3 + 8*k**2 - 3*k - 10. Is p(-1) prime?
False
Let n(j) = -1751*j + 44. Let d(k) = -1167*k + 29. Let w(l) = -8*d(l) + 5*n(l). Is w(19) a composite number?
False
Let q = -134177 - -205286. Suppose 53*d - q = 44*d. Is d composite?
False
Let c(z) = 68824*z + 11141. Is c(11) composite?
True
Suppose -3*f = -6*f + 6. Let w(k) = -f + 1 - 2940*k + 4 - 4. Is w(-1) composite?
False
Let d(s) = 112*s - 25. Let t(u) = u + 2. Let m(b) = -d(b) - 3*t(b). Is m(-25) a prime number?
False
Let r(z) = -161*z**3 - 7*z**2 - 53*z + 16. Is r(-7) a composite number?
True
Is (-1460050)/(-10)*(-33)/(-55) a prime number?
False
Suppose -4953152 - 940991 = -31*y - 657530. Is y composite?
True
Suppose -15*n - 765945 - 951684 = -66*n. Is n prime?
True
Is (-1)/17 + (661777298/221)/7 prime?
True
Suppose -3*o = -2*o + 30. Let v(k) = -5*k**3 + 7*k**2 + 10*k + 59. Let b be v(-5). Let q = b - o. Is q composite?
False
Suppose 5*x - 65 = -5*k, 3*x = 2*k - 7*k + 63. Suppose 2*q + k*v - 5076 = 14*v, 0 = 5*v + 25. Is q a composite number?
True
Let d = -23106 + 12856. Let w = d - -23091. Is w composite?
False
Let i = 69741 + 4430. Is i a prime number?
False
Suppose -22*a + 24*a = -52. Let k(g) = -643*g - 117. Is k(a) composite?
True
Let a(z) = -68*z**3 - 13*z**2 + 34*z + 115. Is a(-8) composite?
False
Suppose 5*m + 3*b + 14606 = 177459, 32555 = m - 2*b. Is m composite?
True
Let a be 6/51 - 42464/(-17). Let s = -1761 + a. Is s prime?
False
Suppose -274788 = -62*b + 56*b. Suppose 3*w = 5*w - 5*v - b, -2*w + 45766 = 3*v. Is w prime?
False
Let s(r) = 5*r + 8. Suppose -h - 45 = -2*h. Suppose w + 4*w = h. Is s(w) prime?
True
Let k(v) be the second derivative of -3593*v**3/3 + 141*v**2/2 - 17*v. Is k(-5) composite?
True
Let i(l) be the first derivative of 13*l**4/4 + l**3/3 - 3*l**2/2 + 4*l - 15. Let x be i(7). Let r = -124 + x. Is r a prime number?
False
Suppose 168*s = -5*m + 166*s + 19951, 0 = 5*s - 15. Is m a composite number?
False
Let o be ((-255)/(-20))/(6/16). Let w = o - -9. Is w prime?
True
Suppose 161*m - 9711591 = 15*m - 121*m. Is m a prime number?
True
Is 4697768/6 + 4417/(-1893) a composite number?
True
Let b(t) = -t**3 - t**2 + t + 4. Let v be b(0). Let s be (v - (2 - 0)) + 1157. Suppose 8*z - 4273 = s. Is z a composite number?
True
Let f(d) = -2*d**2 + 10*d - 1. Let w be f(5). Let l(g) = -132*g - 13. Is l(w) composite?
True
Let r = 559654 - -282667. Is r prime?
True
Suppose 10*t + 16 = 2*t. Let m(u) = u - 10. Let i be m(6). Is (i + -2 + 2)/(t/191) a composite number?
True
Let z be (-2954 - 1) + -10 + 3 + 4. Is (z/9)/((-6)/9) a prime number?
False
Let w(k) = 11*k**3 + 4*k**2 - 11*k + 6. Let c be w(7). Suppose 2*d = 4*d + 4*y - c, -5847 = -3*d - 2*y. Is d a composite number?
False
Let y(d) = 196*d + 23. Let u be y(-2). Let a = u + 923. Is a prime?
False
Let o(h) = -10*h**2 + 15*h - 11 - 9*h**2 + 18*h**3 - 6*h**3 + 15*h - 13*h. Is o(8) prime?
False
Let r be (-2)/(-7) + (-7)/((-196)/(-8)). Let a be 6/4*(-2)/(-1). Suppose 2*y - a*y + 4 = r, 1671 = 5*s - y. Is s prime?
False
Let w(k) be the first derivative of 63*k**3 - 13*k**2 + 5*k - 113. Is w(6) composite?
False
Let z(k) = 4*k**3 - 117*k**2 - 227*k + 277. Is z(59) a composite number?
True
Let v(r) = -42*r - 40. Let c be v(-1). Suppose -4972 = -b - o + 4208, c*o - 27541 = -3*b. Is b composite?
False
Let p be (-18)/6*((-6)/(-3) - 3). Suppose 0*n - 3*n + 8781 = -3*u, 0 = p*n - 5*u - 8777. Is n composite?
True
Suppose -25*m + 12*m = -923. Suppose m*w = 79*w - 69688. Is w a prime number?
False
Suppose 10493124 = -49*g + 90883406. Suppose -g = -14*q - 35*q. Is q a composite number?
True
Suppose 2757313 = 146*b - 81949. Is b composite?
False
Suppose 8*c - 682211 - 438106 = -25*c. Is c prime?
False
Let t be (-796)/(-18) + 6/(-27). Let x = t + -36. Is ((-353)/(-4))/(2/x) composite?
False
Is (4/3)/(84/5218353) a prime number?
False
Let m(o) = 26428*o**2 + 2*o + 2. Let s be m(-1). Suppose -43*g + 47*g = s. Is g composite?
False
Suppose -3*h = 134 - 185. Suppose -1593 = h*c - 580052. Is c composite?
True
Let p = -8405 - -29532. Is p composite?
True
Let x(v) be the first derivative of v**3 + 8*v**2 - 3*v + 20. Let p be x(-9). Suppose -4*u - 2*l + p = -0*l, -5*u = 4*l - 126. Is u composite?
True
Let t = -16 + -15. Let s = t + 33. Suppose -p + 4*p - 15 = 0, -s*b = -2*p - 852. Is b a composite number?
False
Suppose -16 = 2*s, -2*r + 375089 + 336409 = s. Is r prime?
True
Let y = -123526 + 190629. Is y a prime number?
True
Suppose 0 = -3*u + 1760 - 14. Let o = 1604 - 1599. Suppose -n + 291 = 3*g, -4*n = -6*n + o*g + u. Is n a prime number?
False
Let v(a) = -13*a + 24*a**3 + 2*a**2 + 16 - 7*a**2 + 0*a**2 + a**2. Is v(7) prime?
False
Suppose -7 = -12*r - 7. Suppose 6*a - 4*a + 3*u - 8507 = r, -4*a + 4*u + 16984 = 0. Is a composite?
True
Is (-337*2)/(-1)*169/156*6 composite?
True
Let q(o) = 9*o**3 + 18*o**2 - 814*o + 34. Is q(24) a prime number?
False
Suppose -3*g = 5*a - 450367, 3*g + a = 272929 + 177430. Is g a composite number?
True
Let o = -113 + 115. Suppose -o*z + 14147 + 32894 = 5*a, 0 = a - z - 9411. Is a a composite number?
True
Let d = 605252 - 177117. Is d a prime number?
False
Suppose -3*a + 3*o = -o - 54445, 5*a = 2*o + 90765. Let i = -3676 + a. Is i prime?
True
Suppose -2*l + 4*h + 35 = 3*l, -l + 5*h = -7. Let f(m) = 36*m**2 - 7*m + 30. Let i be f(9). Suppose 2332 = l*v - i. Is v a prime number?
False
Let t = 9903 + 69608. Is t prime?
False
Suppose 0 = 2*w + 3*m - 3289, 1643 = 5*w + 5*m - 6587. Is w prime?
False
Let d(c) = 16193*c**3 + 14*c**2 - 14*c + 26. Is d(3) composite?
False
Let m = -93 + 79. Is 38/133 - 26974/m composite?
True
Let d(i) = 3*i**2 + 0 + i**2 + 0*i**2 - 1. Let u be d(-1). Suppose 5*l - p - 5491 = -u*p, 9 = 3*p. Is l prime?
True
Is (-32)/480 + 4/15*16204 a prime number?
False
Suppose 16*y - 17*y = 23. Let h(d) = d**2 - 29*d + 5. Is h(y) a composite number?
False
Let t(q) = 1256*q**2 + 98*q + 605. Is t(-6) a composite number?
False
Suppose v = 3*a - 2233 - 13916, 0 = v + 5*a + 16173. Let x = v + 63721. Is x a prime number?
True
Let q(n) be the third derivative of 715*n**4/8 - 43*n**3/6 + 4*n**2 - 12. Is q(2) a composite number?
True
Suppose 17*d + 172012 = 716709. Is d a prime number?
False
Suppose 82*z - 20*z = -145*z + 11080089. Is z composite?
False
Let m(v) = -3414*v**3 + 9*v**2 - 3*v + 1. Is m(-3) prime?
True
Let b(a) = -26*a + 15. Let f be 94/(-18) + 16/72. Let r(x) = 52*x - 30. Let l(k) = f*b(k) - 2*r(k). Is l(5) prime?
False
Let i = -11509 - -72020. Is i a prime number?
False
Let o(z) = z**3 - 24*z**2 + 8*z + 24359. Is o(0) a prime number?
True
Let h(l) = l + 11. Let y be h(7). Suppose y*w = 6*w - 48. Is 1730 + (3 - w) + -4 a composite number?
False
Let g(r) = 40*r**2 + 51*r - 97*r + 7*r**2 - 53. Is g(-24) a composite number?
False
Let g = -19273 - -8044. Let t = g - -28460. Is t a prime number?
True
Let d(n) = -1192*n**3 + 6*n**2 + 31*n + 79. Is d(-4) composite?
True
Let h be -6*1*4/(-12). Suppose q - h = 4. Suppose q*c = c + 555. Is c a prime number?
False
Suppose -73*l - 20760 = -43*l. Let i = -531 - l. Is i composite?
True
Suppose -g + 11714 = -5*w - 1453, 5*w + 15 = 0. Is (-3 + -2)/(-7 + g/1879) a prime number?
False
Let l be 3/(-1 + -2 + 4). Suppose -1788 = -3*x + x + 2*j, -l*j - 900 = -x. Suppose -x = -4*k - 3*n + 632, -k - 5*n + 368 = 0. Is k a composite number?
False
Is (-1*2/8)/(24/(-1150176)) a prime number?
True
Suppose 16*h - 2418493 = 222771. Is h prime?
True
Suppose -174*c - 541652 = -10329326. Is c prime?
False
Suppose -24*l + 4*b - 1216000 = -28*l, -2*l - b = -607997. Is l a prime number?
True
Let h = 2182 + -3716. Let r be (-3 - 1)/(-4 + h/(-383)). Let a = -269 - r. Is a prime?
False
Suppose 0 = -2*o + 5*o + 10*r - 3491839, 5*o + 3*r - 5819800 = 0. Is o prime?
False
Suppose 3*r - 102 = 9*r. Is 511 + r + 0 + -1 a prime number?
False
Is 166420145/165 + (-8)/(-132) a composite number?
False
Let v = 75571 + -47570. Is v composite?
False
Suppose -287183 + 5878949 = 6*w. Is w composite?
True
Let d(v) = 6*v**2 - 21*v + 32. Let c(x) = -x**2 - 14*x - 27. Let y be c(-7). Let n be d(y). Let j = 3655 - n. Is j composite?
False
Let z(k) = -1880*k**3 - 201*k**2 + 16*k + 11. Is z(-6) prime?
True
Let u = -2408 - -2412. Let q(z) = 27*z**3 + 21*z**2 + 4*z - 6. Let m(r) = -13*r**3 - 10*r**2 - 2